g + 264, -g - 78 = -w. List the prime factors of w.
83
Suppose 2*l - 23 = 5*b, -3*l + 64 - 24 = -2*b. What are the prime factors of l?
2, 7
What are the prime factors of 0 + 21 + (9 - 4)?
2, 13
Let q = -85 + 160. List the prime factors of q.
3, 5
Suppose r - 13 = -2*q, 0 = r - 3*q - 26 - 12. Suppose -m = -5*v + r + 50, 0 = 2*v + 5*m - 40. List the prime factors of v.
3, 5
Let i = -29 - -61. Suppose -5*m = i - 102. List the prime factors of m.
2, 7
Let g = -42 - -106. What are the prime factors of g?
2
Let k be ((-4)/2)/((-6)/15). Let o(v) = v + 1. What are the prime factors of o(k)?
2, 3
Suppose 0 = -4*u + 5*u - 32. Let d = -19 + u. List the prime factors of d.
13
Suppose k + 0*k - 7 = 0. Let y(b) = 1 + 2*b**3 - 2*b**3 - 6*b - 6*b**2 + b**3. What are the prime factors of y(k)?
2
Suppose 4*p + p = 25. Let h(c) = 3*c - 3*c - p + c - 2*c. What are the prime factors of h(-10)?
5
What are the prime factors of (-3493)/(-49) + 6/(-21)?
71
Let r be 6*(-1 + (-6)/(-4)). Suppose -5*u + 4*p = -99, -u - 2*p + 100 = r*u. What are the prime factors of u?
23
Let u = 6 - 2. Let t = -9 + u. Let g(k) = -k**2 - 6*k - 1. List the prime factors of g(t).
2
Suppose -3*y + 3*j = 2*y + 145, y = 4*j - 46. Let t = 44 + y. What are the prime factors of t?
2, 3
Let j(n) = 4*n - 1. Let r be (-1)/(1/(-4))*1. List the prime factors of j(r).
3, 5
Let m(i) = -i - 1. Let u be m(-3). Suppose 2*t - 4 = -s, -s + u = t - 0*s. What are the prime factors of t?
2
Suppose -4*i = -7*i + 96. Suppose 6*d - 2*d - i = 0. List the prime factors of d.
2
Let o(h) = 3*h - 9. Let t be o(-9). Let z = -22 - t. Suppose -2*b + 14 + z = 0. List the prime factors of b.
2, 7
Let z(h) = h**3 - 8*h**2 + 7*h + 5. Let s be z(7). Suppose 28 = 2*p + 5*n, s*p - 40 = -4*n - n. List the prime factors of p.
2
Let u(g) = g**2 + 7 + 4*g - 1 - 2 + 0. Let l be u(-3). What are the prime factors of l + 4 + (-1)/1?
2
Let m(k) = -7 + 4*k + 3*k**3 - 3*k**3 - k**3 - 5*k**2. Let w(p) = p**3 - 4*p**2 + 2*p - 2. Let y be w(2). What are the prime factors of m(y)?
5
Let v = -637 - -963. What are the prime factors of v?
2, 163
What are the prime factors of 230/6 + 5/(-15)?
2, 19
Let v(p) = -p**2 + 2*p + 3. Suppose -i - 2 = -5. Let g be v(i). Suppose 9 = w - g*w. What are the prime factors of w?
3
Let g(f) = -f**3 + 3*f + 4. Suppose 6*p + 6 = 4*p. List the prime factors of g(p).
2, 11
Let r(d) = 12*d + 28. What are the prime factors of r(7)?
2, 7
What are the prime factors of 31 + -2 - (-1 - 3)/(-2)?
3
Let f = 121 - 78. What are the prime factors of f?
43
Let y = 5 - -1. Let r = y - 2. What are the prime factors of r?
2
Let o(k) = -k**3 + 6*k**2 - k + 4. What are the prime factors of o(5)?
2, 3
Let d be (1/1)/1*3. List the prime factors of (-2)/((6/(-5))/d).
5
Suppose 0 = 2*j - t - 18, -3*j - 19 = -8*j - 4*t. Suppose 5*o - j = 58. List the prime factors of o.
13
Suppose 8 = -v + 5. Let m(h) = 1 - 2*h**2 + 0 + 4*h**2 + 3*h. List the prime factors of m(v).
2, 5
Let z(p) = -25*p**3 - 2*p**2 - p. What are the prime factors of z(-1)?
2, 3
Let a = 60 - 24. List the prime factors of a.
2, 3
Suppose 3*v - 42 - 36 = 0. Suppose -5*q + v = -9. Suppose q = -2*h + 27. What are the prime factors of h?
2, 5
Suppose -4*l - 118 = -5*u - 0*l, u + 2*l - 18 = 0. What are the prime factors of u?
2, 11
Let a(d) = -d**3 + 8*d**2 - 4*d + 2. Let c be a(3). Suppose 0 = 5*o + 4*n - c, 4*n - 5 = -25. What are the prime factors of o?
11
What are the prime factors of (6 - 23)*15/(-3)?
5, 17
Suppose 226 - 35 = 3*f + 4*q, 5*q = -20. What are the prime factors of f?
3, 23
Suppose -69 = -5*f - 3*i, 15 = 2*f + 4*i - 7. What are the prime factors of f?
3, 5
Suppose -q + 2*z - 6*z = -71, 2*z + 47 = q. List the prime factors of q.
5, 11
Let r(p) = -2*p. Let h be r(-1). Suppose h*x + 45 = 5*x. Suppose 4*d = 13 + x. What are the prime factors of d?
7
Let u = -18 + 17. What are the prime factors of (-8)/6*(u - 14)?
2, 5
Let k be 5/(1 - 0/1). Suppose k = -4*f - 11. What are the prime factors of f/(-6) - (-20)/15?
2
Let g be ((-8)/7)/(4/(-14)). Suppose -3*t - 35 = -g*f, -3*t + t - 49 = -5*f. List the prime factors of f.
11
Suppose -1124 = -7*l + 283. What are the prime factors of l?
3, 67
Let b(r) = r + 16. Let o(j) = 3*j + 47. Let y(a) = -11*b(a) + 4*o(a). Let p be y(-9). Suppose -u = p*h - 26, -u + 5*h = 4*h - 18. List the prime factors of u.
2, 5
Let j(k) = 2*k**2 - 3*k + 1. Let p be j(2). Suppose 3*n = -5*b + 37 + 66, p*b + 4*n = 64. List the prime factors of b/7*7/2.
2, 5
Suppose 4*w - 7*w + 24 = 0. Let b be (-1 - (-6)/(-3)) + w. Suppose b*v - 25 + 5 = 0. What are the prime factors of v?
2
Let a = 25 + -25. Let i = a + 19. List the prime factors of i.
19
Suppose 5*c - 58 = 3*c. What are the prime factors of c?
29
Let b(v) = -12 - 6*v - 3*v - 1 + 5*v - 4*v**3 + 20*v**2. Let c(z) = z**3 - 7*z**2 + z + 4. Let f(g) = 2*b(g) + 7*c(g). What are the prime factors of f(-9)?
11
Let b(t) = 6*t**2 + t - 2. Suppose 16 = -2*r + 4*j, 2*j = -3*r - 0*j + 16. List the prime factors of b(r).
2, 3
Let a be (1 + -3 - -3)*10. Suppose 7*m - 2*m = a. What are the prime factors of m?
2
Let c be -1 + (2 + 1 - -1). Let p be 2/(-1 + c/2). Let t(g) = 3*g - 2. List the prime factors of t(p).
2, 5
Let g(u) = -u**2 + u - 90. Let j be g(0). What are the prime factors of (-21)/(-5) - (-18)/j?
2
Suppose -2*m + 3*m = -3*r + 206, -4*m = -4*r + 248. List the prime factors of r.
67
Suppose j = -3*x + 4, -5*j - x = 4*x - 70. List the prime factors of j.
19
Suppose -i + 20 = 4*q, 0 = 4*q - 6*i + 2*i - 20. Suppose -y = 5*n + 10 + q, 5*y = -4*n + 30. What are the prime factors of (-4)/y - 34/(-10)?
3
Let o be -1*3 - 0/(-2). Let d(z) = 5*z + 2. Let r be d(o). Let m = 24 + r. List the prime factors of m.
11
Let z(s) = -s**3 + 9*s**2 + s + 10. List the prime factors of z(8).
2, 41
Let r = -5 - -8. Suppose r*i + 2*l = -21, -4*i - 4*l - 21 = 11. List the prime factors of i/(-2)*(-8)/(-10).
2
Suppose -2*w = -4*y + y - 18, 0 = 3*w - 4*y - 25. Suppose -w*m + 18 + 18 = 0. List the prime factors of m.
2, 3
Suppose 2*b + 16 = 6*b. Suppose 4*s + s + 4*n - 38 = 0, -b*n + 26 = 3*s. Suppose k - 3 = -2*v, 5*k - 2*k + s = -v. What are the prime factors of v?
3
Suppose -4*r = 2*d - 4, -3*d - r = -8*d + 21. Suppose -d*v = -10 - 22. List the prime factors of v.
2
Suppose -3*w - 456 = -2*a - 6*w, -242 = -a - 5*w. List the prime factors of a.
2, 3, 37
Suppose -s = -5*s + 132. Suppose 0 = 2*v + 3*v + 5, -4*g = -5*v - s. What are the prime factors of g?
7
Let z(k) = 0*k + 2*k**2 - k**2 + 5*k - 2. Let c be z(-6). Suppose -c = -2*f - 0*f. What are the prime factors of f?
2
Suppose -5*n + 4*n + 45 = 0. What are the prime factors of n?
3, 5
Suppose 3*s = 60 + 24. What are the prime factors of s?
2, 7
Suppose 3*n = 50 + 187. Suppose -4*c = 3*m - 160, -5*m + 3*c - n + 307 = 0. Suppose -2*z - 4*j - m = -4*z, -5*j + 45 = 5*z. What are the prime factors of z?
2, 7
Let y(f) = f**2 + f - 3. Suppose -i - 14 = -3*q, -4*i + 9*i + 22 = -q. Let v be y(q). Suppose 2*s - 5 = v. List the prime factors of s.
7
List the prime factors of (-12)/10*((-570)/9 + 0).
2, 19
Let s(o) = 2*o**2 - 7*o + 3. What are the prime factors of s(6)?
3, 11
Suppose 3*o = 5*h - 37, -2 - 11 = -5*h - 3*o. Suppose -h*m + 4*m = -7. What are the prime factors of m?
7
Suppose 36 = 3*u - 99. List the prime factors of u.
3, 5
Let d = -30 + 32. Let s = 9 - 6. List the prime factors of d/s*30/5.
2
Suppose -16 = -3*j - 4. Suppose -l + 0*l + j = 0. List the prime factors of l.
2
Let r be 15/4 + (-12)/16. Let s(f) = 5 - 5*f - r*f**2 - 9*f + 5*f + 2*f**2. What are the prime factors of s(-9)?
5
Suppose 3 = -4*d + 19. Suppose 3*p - 26 = 3*i + 34, -3*p - d*i + 88 = 0. List the prime factors of p.
2, 3
Let d = -7 + 2. Let z = d - -17. What are the prime factors of z?
2, 3
What are the prime factors of ((-21)/2)/(3/(-7))*2?
7
Let g = 6 + -3. Let i(a) = 3*a**2 + a + 1. Let z be i(-1). Suppose g = z*w - 9. What are the prime factors of w?
2
Let d(o) = -o**2 - 4*o + 2. Let v be d(-3). Let z(w) = w**3 - 6*w**2 + 6*w. Let t be z(v). Let x(y) = -y + 7. List the prime factors of x(t).
2
Suppose -4*t = -15 + 3. Let n be 1*t/6*18. Suppose -z + n = 2*i - 10, -5*i = 4*z - 55. List the prime factors of i.
7
Let a = -39 + 66. What are the prime factors of a?
3
Let t(j) be the second derivative of 0 +